- 4*n - 66. Let s = 21 + m. Suppose -z = -3*j - 7, 8*z - 4*j = 4*z + 44. What is the remainder when z is divided by s?
1
Let q be 8*-3*((-8)/(-12))/(-2). Suppose 10*n + q*n = -342. What is the remainder when 125 is divided by -2*5/10 - n?
17
Suppose 0 = -2*c - 3*c + 80. Let t(s) = -s**3 - 5*s**2 + 20*s + 1. Let q be t(-8). Let g = q - 26. What is the remainder when c is divided by g?
2
What is the remainder when 916 is divided by (12 + -2 - 17)*-16?
20
Suppose 2*o = 4 + 2. What is the remainder when (-132)/(6 - 12) + -8 is divided by o?
2
Let c = -85 + 168. Let o = -83 - -240. Calculate the remainder when o is divided by c.
74
Suppose 15*y - 32*y = -2584. Calculate the remainder when y is divided by 45.
17
Suppose 2*d - 14*d + 1530 = 5*d. What is the remainder when d is divided by 25?
15
Suppose -4*o - 2*v + 6 = -0*o, -5*v = -3*o + 37. Suppose o*m - 130 = -6*m. What is the remainder when 38 is divided by m?
12
Let z(t) = 80*t - 21. Let c be 1/2*(63/(-9) - -9). What is the remainder when z(c) is divided by 31?
28
Suppose -7*r = -3*r - 1256. Suppose 0 = -46*c + 601 + 2001 + 296. What is the remainder when r is divided by c?
62
Suppose 24 - 59 = 7*h. Let x(k) = -k**3 + k**2 + 4*k - 5. What is the remainder when x(-4) is divided by ((54/h)/(-6))/((-12)/(-140))?
17
Suppose 2*p - 430 = -3*m, 0 = 2*m - 2*p - 2*p - 276. Let a = 2075 - 1103. Suppose -27*o + a + 0 = 0. What is the remainder when m is divided by o?
34
Suppose 208 - 1033 = -25*g. Calculate the remainder when 252 is divided by g.
21
Let s be (-2)/(2 + 66/(-36)). Let o = -6 + 10. What is the remainder when 2/3*6 + (-2 - s) is divided by o?
2
Suppose 22*m + 17*m - 211 = 179. What is the remainder when 2/(-4) + 33/2 is divided by m?
6
Suppose 83 = 4*x + 5*v, 0 = -371*x + 367*x + 5*v + 53. What is the remainder when 21 is divided by x?
4
Let s be 2 + (30 - -2 - 1). Let p = s - -1. Let l(q) = 31*q + 311. What is the remainder when l(-8) is divided by p?
29
Suppose 0 = -3*w + 5*j + 70, 0 = -49*w + 50*w - 3*j - 30. Let u(i) = 776*i + 1. What is the remainder when u(1) is divided by w?
12
Suppose -24*j + 698 = 4*t - 26*j, -t + 3*j + 172 = 0. Calculate the remainder when 343 is divided by t.
168
Calculate the remainder when (-9)/((-1)/(-4)*(11843/923 - 13)) is divided by 109.
104
Suppose -4*w + 1267 = -w - 4*h, 2*h = 10. Let q(s) = s**3 - 26*s**2 - 195*s + 106. Calculate the remainder when w is divided by q(32).
9
Suppose 2*a + j = -2*a + 532, 665 = 5*a - 5*j. Let h = a - 22. Let b = 11 + 27. Calculate the remainder when h is divided by b.
35
Let q = -2282 + 2440. What is the remainder when q is divided by 68?
22
Suppose 599*s - 973*s + 109956 = 0. What is the remainder when 1515 is divided by s?
45
Let q be 2 + 19 + (-2 - 0). Suppose 4*u + 5*b - q = 20, 3 = b. Suppose -u*d - 36 = -8*d. Calculate the remainder when d is divided by 7.
4
Let s = -1038 + 1056. What is the remainder when 14361 is divided by s?
15
Let u(z) = -6*z**2 - 11*z - 23. Let i = 42 - 45. Let m be u(i). Let k = 87 + m. Calculate the remainder when k is divided by 22.
21
Suppose 20*n = 18*n - 2*q + 600, n - 2*q - 291 = 0. Calculate the remainder when n is divided by 68.
25
Let g(y) = 22*y**3 + 21*y - 22. Let c be g(1). Suppose -c*f + 1615 = -2*f. What is the remainder when f is divided by 8?
5
Let o(b) = -4*b + 54. Let t be 0 - ((-1)/6 + 539/(-42)). Let w be o(t). Calculate the remainder when 82 is divided by w*((-21)/(-2) + 0).
19
Let d = -227 + 254. Let z(w) = -w**3 + 22*w**2 + 43*w + 32. Let v be z(24). Let m = v + 167. What is the remainder when m is divided by d?
25
Let a(u) = u**2 - 25*u + 270. What is the remainder when a(10) is divided by 10?
0
Let m = -1132 - -1160. Calculate the remainder when 941 is divided by m.
17
Let t(u) = u**3 + u**2 + 2*u - 9. Let d be t(0). Let v(a) = a**3 + 11*a**2 + 13*a - 1. What is the remainder when v(d) is divided by 16 + 1*(-2 + 1)?
14
Let y be (-4)/(-14) + 1436*12/(-336). What is the remainder when (-3 - y/9)*(-240)/(-32) is divided by 18?
2
Suppose 38*z - 426 = 30. Let y(b) = -b**3 + 16*b**2 - 45*b + 7. What is the remainder when y(z) is divided by 12?
7
Let j(u) = 5*u**2 + 3*u - 6. Let o be j(-6). Suppose 0 = 4*h - 276 - o. Let i = h + -64. Calculate the remainder when i is divided by 12.
8
Let q(w) = -37*w - 673. What is the remainder when 52 is divided by q(-19)?
22
Let g = -41 + 58. Suppose -9*w = 2 - 20. Let u = w + 96. What is the remainder when u is divided by g?
13
Let s be 134/(-26) + 66/429. Let i(w) = -13*w - 28. What is the remainder when 128 is divided by i(s)?
17
Calculate the remainder when 7661 + 6 + 1*168/(-12) is divided by 37.
31
Suppose -4*x = -28, 28*u - 27*u + x = 54. What is the remainder when 18280 is divided by u?
44
Suppose 110 = t + 4*t + m, 2*m - 66 = -3*t. Let j = -456 - -534. Calculate the remainder when j is divided by t.
12
Let a(h) = -20*h**2 - 133*h - 45. What is the remainder when 4383 is divided by a(-6)?
27
Let u(x) be the third derivative of x**6/120 - x**5/6 + 7*x**4/24 - 4*x**3/3 + 9*x**2. Calculate the remainder when u(10) is divided by 21/14*(-52)/(-6).
10
Let s be 58/20*46 - (-10)/(-25). Let c = s + 44. Calculate the remainder when c is divided by 18.
15
Let k = -678 - -684. Suppose a = -4*b + 53, -49 = 4*b - k*b - 5*a. What is the remainder when 107 is divided by b?
11
Let z be (92/(-120) + 2/12)*-115. Let q = z - 53. Let r = q + 13. What is the remainder when 54 is divided by r?
25
Let m be ((-3)/(-6))/((-14)/(-4) - 3). Calculate the remainder when 32 is divided by ((-17)/34)/(m/(-24)).
8
Let l = -11774 - -13014. What is the remainder when 2491 is divided by l?
11
Let w = -29 + 106. Let n be (9 - 1)/((-12)/(-114)). Let g = n - 36. Calculate the remainder when w is divided by g.
37
Suppose -8179 = -136*v - 3147. Calculate the remainder when 450 is divided by v.
6
Let y(z) be the third derivative of z**5/60 + 17*z**4/24 + 13*z**3/3 + 11*z**2. What is the remainder when ((-16)/28)/((-6)/483) is divided by y(-16)?
6
Suppose -2*x + 28 = 3*b, -10*x + 13*x = 3*b - 33. Let i(t) = 5*t - 9. What is the remainder when i(19) is divided by b?
6
Suppose -2*m - 168 = -5*a + 26, -3*a - 5*m + 104 = 0. Let j = 1953 - 1862. What is the remainder when j is divided by a?
15
Let b(h) = -h + 10. Calculate the remainder when (((-6)/(-5))/((-357)/2380) + 14)/1 is divided by b(6).
2
Let h(p) = -p**2 + 7*p + 21. Let y be h(9). Calculate the remainder when (-2 - 1) + 186/y is divided by (1 + -14 + 3)/(-1).
9
Let f(m) = -m**3 - 17*m**2 + 17*m - 14. Suppose -2*r = -9 + 45. Calculate the remainder when 28 is divided by f(r).
0
What is the remainder when 1754 is divided by (1248/30)/2 + (-5)/(-25)?
11
Suppose 19*m = 24*m + 2*l - 159, -l + 162 = 5*m. Calculate the remainder when 262 is divided by m.
31
Suppose -162 = -j - j. Let x = -374 - -415. Let a = j - x. What is the remainder when a is divided by 11?
7
What is the remainder when (-504)/(-8 - 24/(-20)*5) is divided by 246?
6
Let q(c) = -9*c**3 - 2*c**2 - 8. Let a be q(-4). Suppose -a - 906 = -2*y. Calculate the remainder when ((-1)/1)/((-7)/y) is divided by 13.
12
Suppose 1091*b - 1096*b = 195. Let p = -39 + 64. What is the remainder when p is divided by -6*b/18 - (2 - -2)?
7
Let h(t) = -3*t - 32. Let z be h(-12). Suppose -27*r + 26*r + z = 0. Calculate the remainder when 48 is divided by r/(-20)*17*-5.
14
Let n = 634 + -622. Suppose 0 = -4*q - 0*q + 140. What is the remainder when q is divided by n?
11
Suppose 297*g - 35282 = -2*g. Calculate the remainder when 462 is divided by g.
108
What is the remainder when 500 is divided by ((-195)/(-52))/(-15) - (-242)/8?
20
Let o(b) = -84*b + 389. Let y(z) = 28*z - 130. Let q(l) = -3*o(l) - 8*y(l). What is the remainder when q(7) is divided by 6?
3
Suppose 4*x - 25 = -3*f, 2*x - 5*f + 2 = -5. Let q(i) = 459 - 442 + 2*i - x*i. What is the remainder when q(-15) is divided by 17?
13
Let d(f) = 3*f**2 - 109*f - 93. What is the remainder when d(40) is divided by 172?
3
Let d(x) = -2*x**3 + x**2 - 6*x - 5. Let b be d(-2). Suppose -b*v = -145 - 125. What is the remainder when 137 is divided by v?
7
Let y = 141 - 98. Calculate the remainder when y is divided by 1859/209 - (1 - 21/19).
7
Calculate the remainder when 865 is divided by ((-17)/34)/((-3)/549) - 12/(-8).
28
Suppose 229*t 